git of 89794781?
1
What is the thousands digit of 48403784?
3
What is the thousands digit of 119009678?
9
What is the thousands digit of 1672862729?
2
What is the hundred millions digit of 160934706?
1
What is the hundred thousands digit of 554913727?
9
What is the ten thousands digit of 146130676?
3
What is the ten thousands digit of 6095602447?
0
What is the ten thousands digit of 10958246?
5
What is the hundred millions digit of 2767828406?
7
What is the units digit of 23008127?
7
What is the thousands digit of 18218089?
8
What is the thousands digit of 1792483?
2
What is the ten millions digit of 5016234316?
1
What is the millions digit of 53867271?
3
What is the tens digit of 167020248?
4
What is the tens digit of 222575537?
3
What is the thousands digit of 407838377?
8
What is the ten millions digit of 145130988?
4
What is the hundreds digit of 828554401?
4
What is the ten thousands digit of 470234?
7
What is the billions digit of 1615887995?
1
What is the hundreds digit of 157233281?
2
What is the thousands digit of 91491054?
1
What is the ten thousands digit of 463088560?
8
What is the thousands digit of 213218600?
8
What is the units digit of 974139149?
9
What is the thousands digit of 1845904629?
4
What is the hundred thousands digit of 163570291?
5
What is the hundred thousands digit of 65449237?
4
What is the thousands digit of 21836782?
6
What is the hundred millions digit of 2332061039?
3
What is the hundred millions digit of 154583308?
1
What is the ten thousands digit of 951003842?
0
What is the hundred thousands digit of 364148242?
1
What is the units digit of 179728226?
6
What is the tens digit of 4957409547?
4
What is the hundred millions digit of 2161944172?
1
What is the units digit of 8286100?
0
What is the ten millions digit of 101293378?
0
What is the units digit of 65738869?
9
What is the ten millions digit of 13980012?
1
What is the billions digit of 1249880717?
1
What is the tens digit of 355718936?
3
What is the tens digit of 418769247?
4
What is the units digit of 385521165?
5
What is the hundreds digit of 4466582?
5
What is the millions digit of 2983438158?
3
What is the ten millions digit of 46027805?
4
What is the ten millions digit of 300681115?
0
What is the hundreds digit of 1138028180?
1
What is the hundred thousands digit of 26527985?
5
What is the units digit of 1233931158?
8
What is the hundreds digit of 545263973?
9
What is the millions digit of 760306557?
0
What is the thousands digit of 1335560489?
0
What is the units digit of 88567722?
2
What is the units digit of 389581862?
2
What is the ten thousands digit of 27083280?
8
What is the tens digit of 67620754?
5
What is the hundreds digit of 893377695?
6
What is the ten millions digit of 828409536?
2
What is the millions digit of 216086068?
6
What is the millions digit of 73282185?
3
What is the hundreds digit of 1281348624?
6
What is the billions digit of 1569483992?
1
What is the thousands digit of 34361416?
1
What is the millions digit of 33615122?
3
What is the hundred thousands digit of 4555304?
5
What is the units digit of 2139890140?
0
What is the billions digit of 5664874949?
5
What is the hundred millions digit of 137020491?
1
What is the hundreds digit of 858207080?
0
What is the hundreds digit of 1003591408?
4
What is the thousands digit of 133232894?
2
What is the ten millions digit of 762067548?
6
What is the billions digit of 8388566935?
8
What is the thousands digit of 1215021391?
1
What is the hundreds digit of 19529795?
7
What is the thousands digit of 1619139758?
9
What is the thousands digit of 3311603619?
3
What is the hundreds digit of 80478606?
6
What is the hundreds digit of 255738912?
9
What is the hundreds digit of 6043329?
3
What is the tens digit of 29499211?
1
What is the ten thousands digit of 599434689?
3
What is the millions digit of 1613435006?
3
What is the millions digit of 1713509341?
3
What is the ten millions digit of 454052778?
5
What is the ten thousands digit of 2502450317?
5
What is the thousands digit of 43052900?
2
What is the hundred thousands digit of 199398227?
3
What is the tens digit of 45965881?
8
What is the thousands digit of 1634881115?
1
What is the thousands digit of 915234539?
4
What is the units digit of 108391541?
1
What is the tens digit of 1070492688?
8
What is the millions digit of 3150031266?
0
What is the millions digit of 243604526?
3
What is the hundreds digit of 4037220?
2
What is the millions digit of 34863080?
4
What is the tens digit of 3439966352?
5
What is the units digit of 527928898?
8
What is the hundred thousands digit of 189067005?
0
What is the thousands digit of 14706101?
6
What is the ten thousands digit of 156784461?
8
What is the hundred millions digit of 1046454703?
0
What is the millions digit of 60910883?
0
What is the thousands digit of 53815401?
5
What is the ten millions digit of 421430060?
2
What is the millions digit of 162847337?
2
What is the ten thousands digit of 1289828242?
2
What is the ten millions digit of 84374134?
8
What is the thousands digit of 932631?
2
What is the hundred millions digit of 227942466?
2
What is the units digit of 261450053?
3
What is the hundreds digit of 638421745?
7
What is the hundreds digit of 1907866065?
0
What is the tens digit of 167692284?
8
What is the tens digit of 3996635?
3
What is the hundred millions digit of 443172610?
4
What is the ten millions digit of 90180167?
9
What is the tens digit of 4639833534?
3
What is the hundreds digit of 1920671076?
0
What is the hundreds digit of 3058173582?
5
What is the millions digit of 2929393581?
9
What is the ten thousands digit of 47064140?
6
What is the ten thousands digit of 31049290?
4
What is the hundreds digit of 1044111961?
9
What is the hundred thousands digit of 841609487?
6
What is the ten millions digit of 47009353?
4
What is the ten thousands digit of 597315188?
1
What is the hundreds digit of 3658651404?
4
What is the hundreds digit of 3294993236?
2
What is the thousands digit of 1523825858?
5
What is the ten thousands digit of 66256143?
5
What is the thousands digit of 158745503?
5
What is the ten millions digit of 63059477?
6
What is the hundreds digit of 697428147?
1
What is the hundred thousands digit of 7507362?
5
What is the ten millions digit of 3724347002?
2
What is the ten thousands digit of 858560857?
6
What is the billions digit of 1316720158?
1
What is the thousands digit of 939838997?
8
What is the hundred thousands digit of 75361222?
3
What is the millions digit of 190751207?
0
What is the units digit of 58226500?
0
What is the ten millions digit of 262926961?
6
What is the millions digit of 827406148?
7
What is the hundred millions digit of 289184935?
2
What is the thousands digit of 391532976?
2
What is the billions digit of 1144904411?
1
What is the tens digit of 471275?
7
What is the tens digit of 118716138?
3
What is the tens digit of 218953452?
5
What is the ten thousands digit of 93851342?
5
What is the units digit of 270778635?
5
What is the thousands digit of 61476823?
6
What is the units digit of 1398450085?
5
What is the tens digit of 37713901?
0
What is the hundred thousands digit of 1252365253?
3
What is the millions digit of 3853831792?
3
What is the hundreds digit of 36544750?
7
What is the thousands digit of 60944926?
4
What is the ten thousands digit of 2320958899?
5
What is the millions digit of 769121460?
9
What is the tens digit of 214191053?
5
What is the units digit of 51050360?
0
What is the hundreds digit of 99390816?
8
What is the ten millions digit of 93984247?
9
What is the tens digit of 619822267?
6
What is the tens digit of 78173507?
0
What is the units digit of 248400780?
0
What is the millions digit of 11396582?
1
What is the hundreds digit of 958667325?
3
What is the ten millions digit of 31002990?
3
What is the thousands digit of 7525889?
5
What is the hundreds digit of 818819649?
6
What is the hundreds digit of 7540001858?
8
What is the millions digit of 66990043?
6
What is the hundred millions digit of 9435900616?
4
What is the hundreds digit of 25252129?
1
What is the thousands digit of 190394212?
4
What is the thousands digit of 850950737?
0
What is the millions digit of 89650450?
9
What is the hundred thousands digit